me?
True
Is 11129753 prime?
False
Is 13588573 prime?
True
Is 15049877 prime?
True
Is 214168771 a composite number?
True
Is 284487031 a composite number?
True
Is 98177069 a prime number?
True
Is 945539 prime?
False
Is 20486923 composite?
False
Is 80566687 a composite number?
False
Is 52089503 prime?
False
Is 13131851 a prime number?
True
Is 14965829 composite?
False
Is 101475107 composite?
False
Is 46588391 a composite number?
True
Is 181439119 composite?
False
Is 88090385 composite?
True
Is 18760823 a prime number?
True
Is 10577113 a prime number?
False
Is 40991033 composite?
True
Is 11060141 prime?
False
Is 24092531 prime?
True
Is 15529037 composite?
True
Is 4814987 composite?
False
Is 185051509 prime?
False
Is 4263691 composite?
True
Is 3163279 a prime number?
False
Is 25184717 prime?
False
Is 23711953 prime?
True
Is 6370277 a prime number?
True
Is 20969087 prime?
True
Is 5152317 a composite number?
True
Is 372230717 composite?
True
Is 97141573 composite?
False
Is 4948717 a prime number?
False
Is 2021093 prime?
False
Is 26219139 a prime number?
False
Is 20432749 a prime number?
True
Is 19036873 composite?
False
Is 2211779 composite?
False
Is 114486887 a prime number?
True
Is 13410289 prime?
False
Is 3094607 prime?
True
Is 11488079 a composite number?
False
Is 48548543 prime?
False
Is 628261 composite?
False
Is 55764313 composite?
True
Is 21401531 a composite number?
False
Is 4199149 a prime number?
True
Is 3313339 composite?
True
Is 200918429 a composite number?
False
Is 33656713 prime?
False
Is 100022397 a prime number?
False
Is 1417569 composite?
True
Is 1118921 a composite number?
False
Is 6005417 a prime number?
False
Is 15296119 prime?
True
Is 88531 prime?
False
Is 45387899 a prime number?
False
Is 142547449 a composite number?
True
Is 33550787 a prime number?
True
Is 11657 a composite number?
False
Is 2559379 a composite number?
False
Is 7719473 composite?
False
Is 9335971 a composite number?
False
Is 1371453 prime?
False
Is 600217 a composite number?
False
Is 117738293 a prime number?
True
Is 69831131 a composite number?
False
Is 180024583 composite?
False
Is 135925313 a prime number?
True
Is 82195943 a prime number?
True
Is 84980003 composite?
True
Is 11152159 composite?
True
Is 16390531 a prime number?
True
Is 5762543 a composite number?
True
Is 1227601 a prime number?
False
Is 99643931 a prime number?
True
Is 30680489 composite?
True
Is 3196929 composite?
True
Is 324644251 a composite number?
False
Is 213985 a prime number?
False
Is 4007911 a composite number?
True
Is 9792955 prime?
False
Is 91601287 prime?
False
Is 5872901 composite?
True
Is 16748453 a composite number?
True
Is 3690397 a composite number?
False
Is 461101 a composite number?
False
Is 12238643 a prime number?
True
Is 604447643 a prime number?
False
Is 6375193 prime?
False
Is 28138427 a prime number?
True
Is 74143 a prime number?
True
Is 5393503 prime?
True
Is 8539313 a composite number?
False
Is 87458989 composite?
False
Is 204745259 prime?
False
Is 53988919 prime?
True
Is 253049 a prime number?
True
Is 59967013 a composite number?
False
Is 1538249 a composite number?
True
Is 3850811 a composite number?
False
Is 5233997 prime?
True
Is 2194943 a prime number?
False
Is 609887 prime?
True
Is 97941 prime?
False
Is 2235983 composite?
True
Is 212827 prime?
True
Is 2240893 a prime number?
False
Is 1567847 a prime number?
True
Is 183152479 a prime number?
False
Is 3099617 composite?
False
Is 4617929 composite?
True
Is 1929349 a prime number?
True
Is 148392599 a composite number?
False
Is 27659045 a prime number?
False
Is 239025029 composite?
True
Is 37105021 a composite number?
False
Is 112194911 prime?
True
Is 211657261 a prime number?
True
Is 131847407 composite?
False
Is 27103541 composite?
False
Is 12528365 a prime number?
False
Is 6057847 a prime number?
False
Is 2150947 a prime number?
True
Is 947363 prime?
False
Is 90701 a prime number?
False
Is 43893383 composite?
False
Is 3868399 prime?
True
Is 4022 prime?
False
Is 102353879 a prime number?
False
Is 44143427 a prime number?
True
Is 541895 a prime number?
False
Is 319995689 prime?
False
Is 1124313 a composite number?
True
Is 29284993 composite?
False
Is 45532003 composite?
True
Is 3234993 composite?
True
Is 51301571 composite?
False
Is 32251337 a prime number?
True
Is 3893699 composite?
True
Is 436913 prime?
True
Is 6788989 a prime number?
True
Is 8185537 a prime number?
True
Is 5387603 a prime number?
False
Is 17647963 a composite number?
False
Is 4431227 a prime number?
True
Is 14326502 prime?
False
Is 1722467 prime?
False
Is 325783933 composite?
True
Is 1913341 composite?
False
Is 103988701 composite?
False
Is 180760963 a composite number?
True
Is 14028571 prime?
True
Is 81687071 composite?
True
Is 19796263 composite?
False
Is 14009197 a composite number?
True
Is 162048637 a composite number?
False
Is 545330111 composite?
False
Is 8641349 composite?
False
Is 43219799 a prime number?
False
Is 7312841 prime?
True
Is 1807297 composite?
False
Is 86699 a composite number?
True
Is 439249 a prime number?
False
Is 230187863 composite?
False
Is 4149253 a prime number?
False
Is 3463373 a prime number?
False
Is 60200161 a prime number?
False
Is 121110401 composite?
False
Is 16317791 composite?
True
Is 36368323 a composite number?
False
Is 56801557 prime?
False
Is 7665283 a composite number?
True
Is 3936437 a prime number?
True
Is 1717426 a prime number?
False
Is 300851741 a composite number?
False
Is 8662391 a prime number?
False
Is 21898529 prime?
True
Is 43328654 a prime number?
False
Is 14830523 a composite number?
True
Is 5133977 prime?
True
Is 17444593 composite?
True
Is 1539159 a composite number?
True
Is 59928293 a prime number?
False
Is 221789 composite?
True
Is 229398341 prime?
True
Is 6272769 a prime number?
False
Is 5896747 prime?
True
Is 3358723 a composite number?
False
Is 340448546 a prime number?
False
Is 650537 prime?
True
Is 1550141 a composite number?
False
Is 11151209 composite?
False
Is 115968133 a prime number?
False
Is 15216833 a composite number?
False
Is 5695897 composite?
False
Is 2956031 prime?
False
Is 976777 a prime number?
True
Is 1003891 composite?
True
Is 4479101 prime?
False
Is 12296327 composite?
True
Is 195555067 prime?
True
Is 79453355 a composite number?
True
Is 1181137 prime?
True
Is 6810083 composite?
True
Is 438502187 a composite number?
False
Is 14003489 composite?
False
Is 1697842 composite?
True
Is 43391507 composite?
False
Is 933389 a prime number?
True
Is 10344449 prime?
False
Is 664423 a prime number?
False
Is 2220839 prime?
True
Is 890653 composite?
False
Is 48382171 a composite number?
True
Is 1414913 a prime number?
True
Is 71189849 a prime number?
True
Is 31568651 a prime number?
False
Is 8898917 composite?
True
Is 33730961 composite?
True
Is 9097939 prime?
True
Is 1380117 prime?
False
Is 45064303 prime?
True
Is 24796861 a composite number?
False
Is 5831887 a composite number?
False
Is 78045701 a prime number?
True
Is 61518607 prime?
True
Is 69467 a prime number?
True
Is 52804657 a prime number?
False
Is 69718387 a prime number?
True
Is 34131131 prime?
False
Is 495410299 composite?
False
Is 15468639 prime?
False
Is 5303131 a prime number?
True
Is 1214319467 composite?
False
Is 20263883 a prime number?
False
Is 1529713 prime?
False
Is 29977229 prime?
False
Is 442818535 composite?
True
Is 2082191 a prime number?
False
Is 134567117 a composite number?
True
Is 60530993 a prime number?
True
Is 353159311 a composite number?
False
Is 123686489 a prime number?
False
Is 705821 composite?
False
Is 183408967 prime?
False
Is 16899773 a composite number?
True
Is 2004353 a composite number?
True
Is 37476503 a prime number?
True
Is 34609235 prime?
False
Is 12769469 a composite number?
True
Is 422157781 a composite number?
False
Is 151439438 a prime number?
False
Is 252157819 a composite number?
False
Is 213310011 a composite number?
True
Is 152205281 prime?
True
Is 7952479 prime?
False
Is 937177 a composite number?
True
Is 25188109 a prime number?
False
Is 1388137 composite?
True
Is 248021819 a prime number?
True
Is 156551651 a prime number?
True
Is 49824157 composite?
True
Is 8806091 a composite number?
True
Is 7783403 a prime number?
False
Is 133984519 prime?
True
Is 1148419115 prime